?
False
Is 579 a multiple of 11?
False
Is 69 a factor of 349?
False
Does 3 divide 72?
True
Does 118 divide 12508?
True
Is 11 a factor of 1056?
True
Is 198 a multiple of 9?
True
Does 22 divide 5957?
False
Is 23 a factor of 19067?
True
Is 2025 a multiple of 27?
True
Is 315 a factor of 12915?
True
Is 1602 a multiple of 9?
True
Is 2915 a multiple of 28?
False
Does 32 divide 6345?
False
Is 447 a multiple of 16?
False
Is 1324 a multiple of 15?
False
Is 74205 a multiple of 15?
True
Is 986 a multiple of 34?
True
Is 80 a factor of 800?
True
Does 4 divide 628?
True
Does 34 divide 5304?
True
Does 21 divide 2352?
True
Does 4 divide 536?
True
Is 728 a multiple of 26?
True
Does 80 divide 7405?
False
Is 5 a factor of 301?
False
Is 15 a factor of 2925?
True
Is 15 a factor of 11820?
True
Is 44 a factor of 17690?
False
Does 26 divide 676?
True
Is 2679 a multiple of 19?
True
Is 1072 a multiple of 67?
True
Is 2663 a multiple of 18?
False
Is 4 a factor of 549?
False
Is 5 a factor of 411?
False
Does 21 divide 9198?
True
Is 390 a multiple of 5?
True
Does 33 divide 74665?
False
Does 14 divide 1582?
True
Is 23 a factor of 990?
False
Is 30 a multiple of 6?
True
Does 129 divide 46198?
False
Is 269 a factor of 30935?
True
Does 66 divide 1737?
False
Does 41 divide 3780?
False
Does 11 divide 89?
False
Is 65 a factor of 1300?
True
Is 330 a multiple of 24?
False
Is 596 a multiple of 51?
False
Is 663 a multiple of 3?
True
Is 16 a factor of 1392?
True
Does 4 divide 626?
False
Does 66 divide 1296?
False
Is 69 a factor of 14754?
False
Is 1438 a multiple of 10?
False
Is 338 a factor of 18252?
True
Is 94 a factor of 5076?
True
Is 24718 a multiple of 17?
True
Is 1353 a multiple of 33?
True
Is 1897 a multiple of 21?
False
Is 36 a factor of 7596?
True
Is 535 a multiple of 10?
False
Is 11096 a multiple of 38?
True
Is 91 a factor of 1821?
False
Is 7 a factor of 252?
True
Is 612 a multiple of 12?
True
Does 26 divide 240?
False
Does 9 divide 962?
False
Is 139 a factor of 15601?
False
Is 740 a multiple of 74?
True
Does 12 divide 816?
True
Does 27 divide 3737?
False
Is 1308 a multiple of 109?
True
Is 684 a multiple of 6?
True
Is 33 a factor of 145?
False
Is 31 a factor of 2418?
True
Is 8140 a multiple of 55?
True
Is 1560 a multiple of 40?
True
Is 5481 a multiple of 21?
True
Is 30 a factor of 2550?
True
Is 1564 a multiple of 92?
True
Is 113 a factor of 5567?
False
Is 20937 a multiple of 21?
True
Is 4 a factor of 372?
True
Does 22 divide 273?
False
Is 7 a factor of 14616?
True
Is 89040 a multiple of 56?
True
Is 2079 a multiple of 99?
True
Is 38512 a multiple of 96?
False
Does 7 divide 2900?
False
Is 9 a factor of 39?
False
Is 13 a factor of 29809?
True
Is 275 a multiple of 4?
False
Is 133 a multiple of 19?
True
Does 39 divide 1034?
False
Is 17 a factor of 1190?
True
Is 15 a factor of 415?
False
Is 14643 a multiple of 21?
False
Is 14 a factor of 742?
True
Is 1229 a multiple of 8?
False
Is 61 a factor of 5673?
True
Does 5 divide 608?
False
Is 3380 a multiple of 130?
True
Is 25016 a multiple of 236?
True
Is 3 a factor of 453?
True
Does 16 divide 339?
False
Is 23868 a multiple of 18?
True
Does 23 divide 374?
False
Is 98239 a multiple of 31?
True
Does 3 divide 655?
False
Does 139 divide 15222?
False
Does 16 divide 3968?
True
Is 1084 a multiple of 76?
False
Is 529 a multiple of 3?
False
Is 2031 a multiple of 104?
False
Does 7 divide 55?
False
Does 7 divide 111917?
False
Is 4389 a multiple of 133?
True
Is 1392 a multiple of 94?
False
Is 59 a multiple of 13?
False
Is 781 a multiple of 5?
False
Does 10 divide 70630?
True
Is 71 a factor of 2911?
True
Does 37 divide 35541?
False
Does 139 divide 88026?
False
Is 9 a factor of 124?
False
Is 96 a factor of 872?
False
Does 13 divide 15717?
True
Is 17 a factor of 100?
False
Is 89154 a multiple of 54?
True
Does 3 divide 192?
True
Is 11 a factor of 19998?
True
Is 3738 a multiple of 21?
True
Does 4 divide 30504?
True
Is 2960 a multiple of 185?
True
Does 120 divide 2011?
False
Is 26 a factor of 12506?
True
Is 92 a factor of 65688?
True
Is 28 a factor of 504?
True
Is 219 a factor of 3551?
False
Is 76 a factor of 76?
True
Is 69 a factor of 759?
True
Is 2041 a multiple of 4?
False
Does 16 divide 2178?
False
Is 2570 a multiple of 5?
True
Is 24 a factor of 660?
False
Does 4 divide 15892?
True
Does 87 divide 696?
True
Is 3591 a multiple of 57?
True
Is 61 a factor of 41053?
True
Is 658 a multiple of 14?
True
Is 66 a factor of 1821?
False
Is 1632 a multiple of 18?
False
Is 3 a factor of 1566?
True
Is 11 a factor of 77?
True
Is 65295 a multiple of 207?
False
Is 77 a factor of 77?
True
Is 11098 a multiple of 121?
False
Is 131 a multiple of 79?
False
Is 728 a multiple of 48?
False
Is 1802 a multiple of 46?
False
Is 60144 a multiple of 24?
True
Is 1888 a multiple of 16?
True
Does 171 divide 64296?
True
Is 44 a factor of 23687?
False
Does 64 divide 851?
False
Is 8 a factor of 3288?
True
Is 6 a factor of 8584?
False
Is 5301 a multiple of 171?
True
Is 324 a multiple of 12?
True
Is 12 a factor of 2964?
True
Is 8 a factor of 1093?
False
Is 145 a factor of 7540?
True
Does 17 divide 1551?
False
Does 8 divide 5056?
True
Is 36 a factor of 1685?
False
Is 9 a factor of 13082?
False
Is 16 a factor of 8192?
True
Does 56 divide 21392?
True
Is 8 a factor of 8936?
True
Does 105 divide 1155?
True
Is 5 a factor of 474?
False
Is 50930 a multiple of 12?
False
Is 156 a factor of 17316?
True
Does 63 divide 11592?
True
Does 17 divide 11679?
True
Does 116 divide 114492?
True
Is 3152 a multiple of 8?
True
Does 15 divide 7425?
True
Does 71 divide 7952?
True
Does 166 divide 22078?
True
Is 1668 a multiple of 19?
False
Does 16 divide 17912?
False
Does 5 divide 255?
True
Does 32 divide 61760?
True
Is 68598 a multiple of 74?
True
Is 195 a multiple of 13?
True
Does 26 divide 164?
False
Does 4 divide 777?
False
Is 28350 a multiple of 210?
True
Does 2 divide 208?
True
Is 238 a multiple of 28?
False
Is 7243 a multiple of 9?
False
Is 4 a factor of 316?
True
Is 140 a multiple of 20?
True
Is 6655 a multiple of 23?
False
Is 21 a factor of 769?
False
Is 196 a multiple of 7?
True
Is 89 a multiple of 3?
False
Does 18 divide 630?
True
Does 15 divide 44041?
False
Does 6 divide 1734?
True
Is 9 a factor of 14319?
True
Is 84 a factor of 224?
False
Is 49 a factor of 53998?
True
Is 19 a factor of 6713?
False
Does 5 divide 420?
True
Is 8596 a multiple of 7?
True
Is 48 a factor of 21408?
True
Is 28 a factor of 8022?
False
Is 8 a factor of 1020?
False
Is 19 a factor of 608?
True
Is 15 a factor of 543?
False
Is 208 a multiple of 2?
True
Does 9 divide 48940?
False
Does 39 divide 1716?
True
Is 27 a factor of 1478?
False
Does 75 divide 7316?
False
Is 1040 even?
True
Is 133 a factor of 232?
False
Is 3814 a multiple of 48?
False
Is 18 a factor of 10926?
True
Is 7101 a multiple of 26?
False
Is 2374 a multiple of 11?
False
Is 868 a multiple of 31?
True
Is 21680 a multiple of 10?
True
Is 2812 a multiple of 123?
False
Is 61 a factor of 19581?
True
Does 142 divide 2919?
False
Does 247 divide 7410?
True
Is 3 a factor of 3099?
True
Is 319 a multiple of 31?
False
Is 9 a factor of 153?
True
Does 14 divide 2044?
True
Is 331 a multiple of 15?
False
Is 351 a multiple of 27?
True
Does 77 divide 5929?
True
Is 36 a factor of 468?
True
Is 24 a factor of 2568?
True
Is 55 a factor of 8965?
True
Is 72949 a multiple of 5?
False
Is 17234 a multiple of 14?
True
Is 17606 a multiple of 7?
False
Is 88 a multiple of 22?
True
Is 1568 a multiple of 26?
False
Does 98 divide 15288?
True
Is 24 a factor of 41365?
False
Is 154 a factor of 58054?
False
Is 31 a factor of 3734?
False
Is 54 a factor of 3209?
False
Is 700 a multiple of 19?
False
Is 5 a factor of 568?
False
Does 16 divide 18204?
False
Does 20 divide 1680?
True
Is 8 a factor of 622?
False
Is 7 a factor of 1452?
False
Is 9878 a multiple of 11?
True
Does 10 divide 1370?
True
Does 158 divide 51824?
True
Is 25 a factor of 401?
False
Is 731 a multiple of 17?
True
Does 57 divide 15447?
True
Is 77 a multiple of 11?
True
Does 133 divide 10958?
False
Does 17 divide 1318?
False
Does 13 divide 676?
True
Does 13 divide 8969?
False
Is 7 a factor of 7612?
False
Does 7 divide 159?
False
Does 46 divide 2302?
False
Does 12 divide 2533?
False
Is 729 a multiple of 27?
True
Does 22 divide 1782?
True
Is 2000 a multiple